- 7*z**2/2 + 3. Let y(k) be the second derivative of o(k). What is the units digit of y(-5)?
5
What is the thousands digit of (-129)/387*-7677*1?
2
What is the units digit of 3404/7 + 3 + 92/(-28)?
6
Let g be (3 - (2 + 7)) + 2. What is the units digit of ((-2)/(-4))/((-2)/g)?
1
Let k(w) be the third derivative of w**6/120 - w**5/30 + 2*w**3/3 - 12*w**2. What is the tens digit of k(3)?
1
Let h(w) = w**3 + 20*w**2 + 27*w - 17. Let o be h(-19). Let u = 61 - o. What is the tens digit of u?
3
Let x be 4/(-18) + 168/27. Suppose -2*o = x*o - 152. What is the units digit of o?
9
Let i = -27 + 31. What is the hundreds digit of ((-394)/i)/((5/5)/(-2))?
1
Let p = -30 - -224. What is the units digit of p?
4
Let d be ((-12)/(-8) + -1)*6. Suppose -132 = -3*z + 2*f, -d*z + 78 + 66 = 2*f. Suppose z = 2*q - 28. What is the units digit of q?
7
Let m(d) = 7*d**3 - 2*d**2 - 10*d - 8. What is the hundreds digit of m(7)?
2
Suppose 5*d = 1384 + 1046. Let k be (8/12)/(4/d). Suppose 2*v + 13 = k. What is the units digit of v?
4
Let v(n) = n**3 + 8*n**2 + 2*n. Let r be v(-6). Let h = -18 + r. What is the tens digit of h?
4
Let a be (2/(-4))/((-2590)/(-864) + -3). Suppose 120 + a = 3*z. What is the tens digit of z?
1
Suppose -5 - 5 = -5*k. Suppose -p = k*p - 78. Suppose -2*t + 3*c - 21 = -5*t, 4*t + 3*c = p. What is the units digit of t?
5
What is the tens digit of (8/(-20))/(6/(-6180))?
1
Suppose -3*x - k + 744 = 0, -2*x + 6*x - k = 985. Suppose c - x = -m, c - 198 = m + 39. What is the hundreds digit of c?
2
Let p(a) = 128*a**2 + 36*a - 118. What is the tens digit of p(4)?
7
Let o = 4392 + -2516. What is the thousands digit of o?
1
Let h(l) = l**3 + 7*l**2 + 4*l - 5. Suppose 0 = m - 4 - 0. Let q = m - 9. What is the tens digit of h(q)?
2
Suppose 0 = -2*b + 6*b - 20, 0 = 4*m + 4*b - 6968. What is the units digit of m?
7
Let n = 346 - 560. Let q = -128 - n. What is the units digit of q?
6
Let c be (-1)/(1/(-6))*(95 - 78). Suppose 2*u + 0*a = -4*a + c, -3*u = 2*a - 161. What is the units digit of u?
5
Let j = 124 - 58. Let i = 94 - j. What is the tens digit of i?
2
Let t(q) = -169*q + 45. What is the hundreds digit of t(-3)?
5
Suppose 0 = 2*l + 25 + 3. What is the tens digit of (-390)/(-9) - l/21?
4
Let p(u) be the third derivative of -u**4/3 - u**3/6 - 18*u**2. What is the units digit of p(-20)?
9
Let g = -792 + 1542. What is the tens digit of g?
5
Let f = 95 - 23. What is the units digit of f?
2
Let i be 10/3*((-81)/5)/(-9). Suppose 5*k - 120 = -z, z = i*z + 2*k - 623. What is the units digit of z?
5
Suppose 2*o + 5*w = 215 - 61, 5*o = 4*w + 352. Suppose -4*n - 2*s + o = 0, -25 = 3*n + s - 81. What is the tens digit of (216/n)/(9/30)?
3
Suppose -g - 2*q = -5*q - 1626, 3*q - 1650 = -g. What is the thousands digit of g?
1
Let c(d) = 2*d**2 + 23*d - 84. What is the hundreds digit of c(26)?
8
Suppose -4*p + 5 = -2*i - 27, -3*p = 3*i + 66. Let j = 25 + i. Suppose -2*y + 5 = -3*y, 4*y = j*r - 80. What is the tens digit of r?
1
Let f be 0 - (1 + 28/4). Let x be f/(-3 + (-4)/(-4)). Suppose -3*l - 2 = -x*l. What is the units digit of l?
2
Let k(j) = -16*j - 54. What is the units digit of k(-7)?
8
Suppose -8892 = -24*f + 6*f. What is the units digit of f?
4
Let b(j) = -45*j**2 + 1. Let s(a) = 134*a**2 - 3. Let d(i) = 8*b(i) + 3*s(i). What is the tens digit of d(-1)?
4
Suppose -3*b = 5*t - 18, 2*b - 5 = -3*b. Suppose -v = -z + 6*z + 58, -z - 160 = t*v. Let p = 94 + v. What is the units digit of p?
1
Let g be (-6)/9 + 1583/3. Suppose -2*r = 2*y - 4*r - 266, r - g = -4*y. What is the tens digit of y?
3
What is the hundreds digit of -1897*(-12)/56*10?
0
Suppose 2*f - 1432 = -4*a, 120 = -3*a - 4*f + 1189. What is the units digit of a?
9
Suppose -5984 = -4*u + 4*g, 5*u = 9*g - 12*g + 7512. What is the tens digit of u?
0
Suppose 696 = -7*n + 5*n. Let b = n - -502. What is the hundreds digit of b?
1
Let p(s) = -s**3 - 18*s**2 - 17*s - 10. Let i be p(-17). Let y = 77 + i. What is the tens digit of y?
6
Suppose -80*t - 506 = -91*t. Let h(o) = 6*o + 2. Let z be h(-5). Let c = t + z. What is the tens digit of c?
1
Let j be (-1)/(-5) - 232/10. Let l = -21 - j. What is the units digit of (l/(-5) + 0)*-75?
0
Let t(h) = 145*h**2 - 33*h + 126. What is the hundreds digit of t(5)?
5
Suppose -4*p = h - 2*h + 24, 4*p - 96 = -2*h. Suppose -4*c - 2*v - 3*v + h = 0, -2*c + v + 6 = 0. Suppose -64 = -c*r + r. What is the tens digit of r?
1
Suppose 0 = -4*g + 4*h + 2044, 0 = g - 5*g - h + 2059. What is the hundreds digit of g?
5
What is the tens digit of (-69210)/(-18) - (-1 + -2)*1?
4
Let d(u) = -4*u**2 + 13*u + 11. Let c(a) = a**2 - 3*a - 3. Let i(z) = 9*c(z) + 2*d(z). What is the units digit of i(5)?
5
Let k be (4/(-5))/(2/(-5)). Let s = k + 2. Suppose s*c + 18 = -2*b, -7*b = -2*b + 4*c + 15. What is the units digit of b?
1
Let x(l) be the third derivative of 0*l - 1/12*l**4 + 0 - 5/6*l**3 + 3*l**2. What is the units digit of x(-5)?
5
Let r(z) = z**3 - 15*z + 1073. What is the units digit of r(0)?
3
Let x be (-283 + 82)/(0 - (-3)/(-2)). Suppose -t - 103 = -4*v, 4*t - x + 26 = -4*v. What is the tens digit of v?
2
Suppose -51 = 6*a - 675. Suppose 0 = 3*d - 7*d - a. What is the units digit of (-524)/d - 10/65?
0
Let o(w) = w - 8. Let h be o(9). Let y(a) = 89*a**2 + 2*a - 3. What is the tens digit of y(h)?
8
Suppose -3*z + 1884 = 3*c, -2*z + 3*z - c - 620 = 0. What is the units digit of z?
4
Suppose -3*f + 12 = f. Let c = f + 2. Suppose c*p - d = 109, 3*p + 28 = -4*d + 98. What is the tens digit of p?
2
Let h be 4*(1 + 2 + -5). Let w be h - -3 - (-1 + 0). What is the units digit of 8 + 0 + w - 1?
3
Suppose 0 = -5*n - 5, -3*i + n - 4 = -32. Suppose 62 = q + i. What is the units digit of q?
3
What is the units digit of ((-2)/2*(8 + -2369))/1?
1
Let l(q) = q**3 - 8*q**2 - 12*q - 12. Suppose 4*f + 3*g = 7*g + 20, f - 5*g - 5 = 0. Suppose 8 = 2*o, -3*b + b = f*o - 40. What is the tens digit of l(b)?
6
Let d = 11 - 0. Suppose -g + 34 = -d. Suppose i + 4*i = g. What is the units digit of i?
9
Suppose -t - 5*t + 336 = 0. What is the tens digit of t?
5
Suppose 5 = -5*m, -d + 2*m + 3 = 7*m. Let x be 44/5 + d/40. Suppose -x*s + 4*s = -25. What is the units digit of s?
5
Let m(z) = -z**2 - 8*z - 6. Let a be m(-5). Let w = a + -5. Suppose -3*c - 50 = -2*v - 15, w*v - 63 = -c. What is the units digit of v?
6
Let n be -11 + 9 - (-1)/(3/111). Suppose -j - 3 = 3. Let b = j + n. What is the tens digit of b?
2
What is the units digit of (-9)/12 - (-71589)/28?
6
Suppose -5*v - 2791 = 1294. What is the tens digit of (1/(-2))/(2 + v/408)?
0
Suppose 0 = -3*s, -4*m - 2*s = -0*s + 144. Let k(q) = q - 8. Let o be k(0). What is the tens digit of m/(-2)*(-28)/o?
6
Let a(l) be the first derivative of l**3/3 + l**2 + l + 1. Let m be a(-2). Suppose 0 = -w + m + 45. What is the tens digit of w?
4
Let q(c) be the first derivative of c**4/4 + 14*c**3/3 + 6*c**2 + 4*c - 3. Let r be q(-13). Suppose -r - 49 = -3*i. What is the units digit of i?
2
Suppose 1263 = 5*z - 1607. What is the units digit of z?
4
Let q = 27 + -87. What is the units digit of 10/q - 85/(-6)?
4
Let n(m) = -214*m + 112. What is the units digit of n(-4)?
8
Suppose -5*y = f + 3 - 4, 5*f + 2*y = 28. Let d be (-2)/(-4) + (-81)/f. Let c = d + 54. What is the units digit of c?
1
Let q(s) = s**3 + s**2 - s + 5. Let i be q(0). Let b(t) = -i - 1 - 17*t + 3 + 1. What is the tens digit of b(-1)?
1
Let f(c) = 41*c**2 + 9*c - 8. Let t be f(-4). Suppose x = 4*x - t. What is the units digit of x?
4
What is the tens digit of 9/6 + (-3907)/(-2)?
5
Let o(x) = -6*x**3 + 10*x**2 + 13*x + 59. What is the thousands digit of o(-6)?
1
Suppose -216 = -3*i - 5*i. Suppose 0 = u - 37 - i. What is the units digit of u?
4
Suppose 0*y = -y + 41. Let i = 30 - y. What is the units digit of (-2)/11 - 101/i?
9
Let h(l) = -l - 3. Suppose 2*u - 2*w + 10 = 0, -24 - 11 = 5*u + 5*w. Let g be h(u). Let n = g - -1. What is the units digit of n?
4
Let w be (-4 - -3) + 4 - -295. Suppose -3*k = o - 3*o - w, -3*k = o - 292. What is the tens digit of k?
9
Suppose -12 - 8 = 4*k. Let p(b) = -4*b + 8. Let q be p(k). Suppose 0 = -4*i + j + 96, -60 = -4*i - j + q. What is the tens digit of i?
2
Let q be (2 + 0 - 4) + (-783)/(-3). Suppose -4*u + 476 = 4*j, -3*j + 86 + q = -3*u. What is the tens digit of j?
1
Let a be (